 7528?
8
What is the highest common factor of 3627 and 459693?
117
Calculate the greatest common divisor of 13165 and 208135.
5
What is the greatest common divisor of 521560292 and 356?
356
Calculate the greatest common divisor of 33417 and 1182630.
237
What is the highest common divisor of 495 and 11518155?
495
What is the greatest common factor of 36221070 and 2459?
2459
Calculate the greatest common factor of 335448289 and 2365.
473
Calculate the highest common factor of 4940073 and 504.
9
Calculate the greatest common divisor of 30364 and 8.
4
What is the greatest common factor of 88634 and 5019?
7
What is the highest common divisor of 47 and 22829?
1
Calculate the greatest common factor of 49084700 and 2800.
700
Calculate the highest common factor of 162561190 and 50.
10
What is the greatest common factor of 11151 and 70313427?
1593
What is the greatest common factor of 19072 and 136186?
298
What is the highest common divisor of 358802691 and 117?
39
What is the highest common factor of 10720 and 1766720?
160
What is the greatest common divisor of 18444177 and 1245?
249
Calculate the greatest common factor of 1352 and 1027.
13
Calculate the highest common factor of 18960 and 330479120.
6320
Calculate the greatest common factor of 66625384 and 1528.
1528
What is the highest common divisor of 343525 and 238882?
1057
Calculate the greatest common factor of 348933 and 280761.
897
Calculate the greatest common divisor of 1210 and 127315.
5
What is the highest common factor of 150539880 and 12?
12
Calculate the highest common divisor of 3896940 and 125404.
428
What is the greatest common factor of 1851336 and 214275?
8571
What is the highest common divisor of 22646 and 1121513?
67
What is the highest common factor of 49748 and 2306?
2
Calculate the greatest common factor of 134229 and 2815779.
303
What is the greatest common factor of 49275 and 14308?
73
Calculate the highest common divisor of 12358 and 126466.
74
Calculate the greatest common factor of 1694385940 and 13.
13
What is the greatest common divisor of 160 and 40698344?
8
What is the highest common divisor of 66448560 and 480?
240
Calculate the greatest common factor of 3026 and 2905672.
178
Calculate the highest common factor of 87986 and 3545598.
2378
What is the highest common factor of 94865088 and 426?
426
Calculate the greatest common divisor of 114261 and 273147.
21
What is the greatest common factor of 14047 and 4740224?
1277
Calculate the greatest common factor of 56 and 403862.
2
What is the greatest common divisor of 55314252 and 252?
252
Calculate the greatest common factor of 8205589 and 294.
49
Calculate the greatest common divisor of 228 and 2547240.
12
Calculate the highest common divisor of 20 and 2440252.
4
What is the highest common divisor of 17 and 28295837?
17
Calculate the highest common factor of 1094 and 221650417.
547
Calculate the highest common divisor of 3108 and 66887268.
3108
Calculate the highest common factor of 1164 and 198074.
194
Calculate the highest common divisor of 90 and 9108378.
18
Calculate the highest common divisor of 756 and 2227446.
54
What is the greatest common divisor of 8873753 and 5341?
49
Calculate the highest common divisor of 38 and 1103957.
19
Calculate the highest common factor of 285127043 and 1972.
493
What is the greatest common factor of 15030723 and 51?
3
Calculate the highest common factor of 1439364 and 97905.
321
What is the greatest common factor of 23744 and 196605408?
1696
What is the highest common divisor of 251641005 and 35?
35
Calculate the highest common divisor of 15588 and 62680214.
866
Calculate the greatest common divisor of 4973 and 1731.
1
Calculate the greatest common factor of 302188816 and 2320.
464
Calculate the highest common factor of 79 and 1622739.
79
Calculate the highest common divisor of 40866747 and 2722.
1361
What is the highest common factor of 2024 and 9333676?
1012
What is the highest common factor of 28808 and 27224?
8
Calculate the highest common divisor of 785512 and 150241.
1183
What is the highest common divisor of 19772090 and 3562?
26
What is the greatest common factor of 52765328 and 12320?
1232
Calculate the greatest common factor of 82532054 and 22.
22
Calculate the highest common divisor of 52392 and 123168.
24
Calculate the highest common divisor of 1918620 and 2221461.
1881
What is the greatest common factor of 3903095 and 1246?
623
Calculate the highest common factor of 66 and 7143978.
6
Calculate the greatest common factor of 48972 and 15180.
132
Calculate the greatest common factor of 388 and 21049.
97
Calculate the greatest common divisor of 27318885 and 495.
165
Calculate the highest common factor of 2 and 697727.
1
Calculate the highest common divisor of 338 and 58580470.
338
Calculate the greatest common factor of 1210 and 1131670.
10
What is the greatest common divisor of 236113580 and 26150?
5230
Calculate the highest common divisor of 44752958 and 1844.
922
Calculate the greatest common divisor of 6478 and 395474.
158
Calculate the highest common divisor of 18170 and 1572890.
790
What is the highest common factor of 5026113 and 117?
9
Calculate the highest common factor of 1360773 and 19392.
303
What is the greatest common factor of 236 and 36663898?
118
What is the greatest common divisor of 515929380 and 30?
30
Calculate the highest common factor of 32164 and 1430924.
748
Calculate the greatest common divisor of 117 and 25787961.
9
What is the greatest common factor of 4192025 and 23050?
25
What is the greatest common factor of 32120 and 300829496?
6424
What is the highest common factor of 39178 and 1241308?
38
Calculate the highest common factor of 14792682 and 14982.
1362
Calculate the greatest common factor of 318505 and 1210.
55
Calculate the highest common divisor of 964865 and 2862.
53
Calculate the greatest common factor of 128 and 74479792.
16
What is the greatest common factor of 7530694 and 244?
122
Calculate the highest common factor of 75175 and 108931.
97
What is the highest common divisor of 6393987 and 9?
9
Calculate the highest common factor of 3811818 and 24213.
3459
Calculate the highest common factor of 126970 and 2920.
10
What is the greatest common factor of 4060 and 820260?
140
Calculate the highest common divisor of 2620265 and 2670.
5
Calculate the highest common factor of 1330 and 1239294.
266
What is the greatest common factor of 16740 and 840240?
540
What is the highest common divisor of 68448370 and 49550?
9910
What is the greatest common divisor of 32 and 70171168?
32
What is the greatest common divisor of 1625617 and 21?
7
Calculate the highest common divisor of 480060 and 62685.
315
Calculate the highest common divisor of 62486 and 800179.
199
What is the greatest common divisor of 36755479 and 34?
17
What is the highest common divisor of 2538 and 107084142?
846
What is the greatest common divisor of 66867 and 90861?
93
What is the greatest common divisor of 532116 and 13011828?
4548
What is the greatest common divisor of 899923792 and 16?
16
Calculate the highest common factor of 2656 and 127104.
32
What is the greatest common divisor of 1928523 and 424407?
2199
Calculate the greatest common factor of 2212 and 110163130.
1106
Calculate the greatest common factor of 2122091 and 7169.
67
What is the greatest common factor of 70620 and 61670520?
6420
What is the highest common divisor of 1484 and 89093?
53
Calculate the highest common divisor of 474 and 1390240578.
474
What is the highest common factor of 98 and 114209984?
98
What is the greatest common factor of 431103120 and 35?
35
Calculate the greatest common factor of 68050 and 10941079.
1361
Calculate the greatest common factor of 184165 and 35.
5
What is the highest common factor of 16757012 and 2668?
116
Calculate the greatest common factor of 99946 and 976052.
154
Calculate the greatest common factor of 13554 and 4887.
27
Calculate the highest common factor of 10025 and 888798455.
2005
What is the greatest common factor of 8 and 87557108?
4
Calculate the highest common divisor of 915 and 88870290.
915
Calculate the highest common divisor of 3648 and 19443648.
192
What is the greatest common divisor of 257521266 and 4942?
706
What is the greatest common divisor of 687750471 